 the units digit of g?
4
Suppose 0 = 2*i - 4*i + 10, -3*i = -c + 34. Suppose -2*a + 6*a = -3*j + c, -2*j = -4*a - 46. What is the tens digit of (6 - 3 - 3) + j?
1
Let h = -50 + 149. What is the units digit of h?
9
Suppose o + 2 = -6. Let i(w) = w**3 + 9*w**2 + 6*w - 9. What is the units digit of i(o)?
7
Suppose -s + 297 = 2*n + n, -3*n = 3. What is the hundreds digit of s?
3
Suppose 6*j = 7*j - 5. Suppose -6*q - 102 = -4*p - 4*q, 33 = p - 3*q. Suppose j*i + 3*k = -k + 102, -i = 2*k - p. What is the tens digit of i?
1
Let g = 502 - 182. Suppose g = 2*x + 3*x. What is the tens digit of x?
6
Suppose -f + 8 = -0*f. Let x(d) = -d - 6*d - 2*d**2 + 3*d**2 - 7. What is the units digit of x(f)?
1
Let r(l) = 14*l**2 - 17*l - 59. What is the tens digit of r(-10)?
1
Let t(i) = i**3 + 3*i**2 - 2*i + 4. Let p be t(-4). Let l be 2/(-3 + (-13)/p). Suppose l = 4*o - 3*o. What is the units digit of o?
8
What is the tens digit of (2325/62)/((-6)/(-20))?
2
Let n(v) = -v**2 + 2*v + 2. Let m be n(-1). What is the units digit of (2 + -1)/(0 - m)?
1
What is the tens digit of (585/(-78))/((-4)/((-3648)/(-9)))?
6
Let p = 4577 - 3268. What is the units digit of p?
9
Let p(b) = 175*b**2 - 24*b - 47. What is the tens digit of p(-5)?
4
Let y = -675 + 1335. What is the tens digit of y?
6
Suppose 4*t = 3*n + 10, 3*t + 10 = 8*t - 5*n. Let b be (5/4)/(1/(-4)). What is the units digit of b*(-2 + t - 9)?
5
Suppose 4*g = -4*b + 844, 3*b - 1268 = -5*g - 205. What is the tens digit of g?
1
Let i be (-1)/(-6) + (-105)/(-18). Suppose 4*m = m - i. What is the units digit of (-6)/(m - (-3)/6)?
4
Let a(x) = -x**3 + 12*x**2 - 10*x - 8. Let p be a(11). Suppose -4*z + 42 = -p*z. What is the units digit of z?
2
Let y = -47 + 81. Suppose 3*b - 201 + 0 = 0. Let l = b - y. What is the units digit of l?
3
Let t(c) = 2*c - 4. Let x = -10 + 0. Let h = x + 21. What is the tens digit of t(h)?
1
Let q = 61 - 236. What is the tens digit of ((-6)/(-5))/((-10)/q)?
2
Let d = -12 - -16. Suppose d*w + 0*w = 344. Suppose 5*l + 7*r = 3*r + 101, -w = -4*l + 2*r. What is the units digit of l?
1
Let s = 846 + -251. What is the units digit of s?
5
Suppose -4*h + 637 = -5*k, h + 2*h + 2*k = 495. What is the tens digit of h?
6
Let l = 278 - -143. What is the hundreds digit of l?
4
Let k(z) = z**3 + 12*z**2 + 20*z - 5. Let r be k(-10). Let o be 3/6*-2 - -25. Let c = o + r. What is the units digit of c?
9
Suppose m + 2*l = 834, -3*l = 16*m - 21*m + 4222. What is the tens digit of m?
4
Let m be ((-12)/(-16))/((-1)/(-4)). Suppose 0 = -m*x + 5*y - 2 + 6, -5*y = -5. Suppose -c + 2*v = -2*v + x, -6 = -5*c - v. What is the units digit of c?
1
Suppose -5*p = m - 349, -2*m + 7 = -2*p + 137. Let g = p + -46. What is the tens digit of g?
2
Suppose -74 = 3*s + 2*l - 326, -4*l = 4*s - 336. What is the units digit of s?
4
What is the hundreds digit of -465*(1 + (-55)/25*1)?
5
Suppose 2*c = 3*n + 461, n = 4*c - 1423 + 486. What is the tens digit of c?
3
Let o(l) = -l**3 - 3*l**2 + 5*l + 7. Suppose -4*x + 5*x = -4. Let p be o(x). Suppose -4*w = -5*m + 90 + 43, 0 = p*m + 4*w - 67. What is the tens digit of m?
2
Suppose -112*t + 296 = -110*t. What is the units digit of t?
8
Let h(i) = -i**3 + 5*i**2 + i - 4. Let a be h(5). What is the tens digit of 100/((a - 0) + 1)?
5
Let m = -513 - -860. What is the tens digit of m/5 - 4/10?
6
Let n(k) be the second derivative of 5*k**4/6 + 31*k. What is the units digit of n(3)?
0
Let o = -319 + 543. What is the units digit of o?
4
Suppose 4*f + 79*t - 2966 = 74*t, 0 = -4*f + t + 2978. What is the tens digit of f?
4
Let a = 1057 - 498. Let f = a - 387. Suppose 0*p - 4*p = -f. What is the units digit of p?
3
Suppose 2*s - 2969 = -913. What is the units digit of s?
8
Let q be ((-10)/6 - -4)*-3. Let c(i) = -9*i - 1. What is the tens digit of c(q)?
6
Suppose 0 = 2*q - 6*q. Suppose 4*x + 76 = -q*x. Let y = 38 + x. What is the tens digit of y?
1
Let z(y) = -35*y**3 + y**2 + y + 1. Let k be z(-1). Suppose -4*a + 3*a = -k. What is the tens digit of a?
3
Let n = -14 - -16. Let x be (30/12)/(n/4). Let g(q) = 4*q - 7. What is the tens digit of g(x)?
1
Let s be -1 - (-12)/((-12)/(-4)). Let h(y) = y**3 - 3*y**2 - 5*y - 5. Let w be h(5). Suppose -s*n = n - w. What is the units digit of n?
5
Suppose -1800 = -4*z + 216. What is the hundreds digit of z?
5
Let g = -40 + 253. What is the tens digit of g?
1
Let a be 40/(-12)*(-48)/(-32). Let f(b) = 2*b - 8*b - 2*b**2 + b**2. What is the units digit of f(a)?
5
Suppose -9*v = -8*v - 24. Let f = v - 20. What is the units digit of f?
4
Let c be 95 - -2 - (-6 + (-6)/(-3)). Let b = c + 51. What is the tens digit of b?
5
Let v(f) be the first derivative of f**3 - 1/2*f**2 - 1 + 0*f. What is the tens digit of v(3)?
2
Let r(t) be the second derivative of -t**5/20 - 5*t**4/12 + t**3/2 - 4*t**2 - 8*t. Suppose -5*z - 14 - 16 = 0. What is the units digit of r(z)?
0
Let l(f) = f**2 - 16*f - 17. Suppose -t + 5*t = o + 59, t - 26 = -2*o. Let b be l(t). Let w = 10 - b. What is the units digit of w?
7
Let d(w) = 224*w**2 + 4*w + 3. What is the tens digit of d(-2)?
9
What is the thousands digit of ((-152685)/7)/(-5) + 48/84?
4
What is the thousands digit of 1*(-5)/(-20) - (-45045)/28?
1
Let b(g) = -17*g**3 - 2*g**2 - g + 2. Let i be b(1). What is the tens digit of (-4)/i + 1880/45?
4
What is the hundreds digit of ((-604)/1)/(-6*7/126)?
8
What is the units digit of 12/(-4)*(-1256)/3?
6
Suppose 5*s + 20 = 0, -27*z = -23*z - 3*s - 1644. What is the tens digit of z?
0
Let h(b) = b + 4. Let s be h(0). Suppose 0 - s = -m. Suppose d = m*d - 69. What is the units digit of d?
3
Suppose 4*i = 3*i + 2*k + 7, -2*k - 10 = -2*i. Let h be ((-42)/4 - i)*-2. Suppose 2*b = 3*b - h. What is the tens digit of b?
2
Suppose -30*x + 0*x + 27180 = 0. What is the tens digit of x?
0
Let g(v) = -v**3 - 7*v**2 - v - 3. Let o(s) = 5*s - 2. Let h be o(-1). Let l be g(h). Suppose d - 111 = -3*u + 6*d, 171 = l*u + d. What is the units digit of u?
2
Suppose 3723 + 2327 = 5*x. What is the tens digit of x?
1
Let z be ((-112)/(-40))/((-4)/(-10)). Suppose 6*k - z*k = -134. What is the hundreds digit of k?
1
Let j(n) = -n + 27. Suppose 5 = -w + 15. What is the units digit of j(w)?
7
Suppose 1 = n - 0. Let h = -5 - n. What is the units digit of h/(-3) - (-3 - 25)?
0
Let h(n) = 2*n + 9. Let o be h(-7). Let g = o - -10. Suppose -g*q = i - 6, q + 5 = 3*i + 3. What is the units digit of i?
1
Suppose -6*v = -14*v + 5576. What is the tens digit of v?
9
Let c be 79 + 6*8/(-12). Suppose 72*u - 67*u = c. What is the tens digit of u?
1
What is the units digit of 83 + -8 + (-3)/(9/6)?
3
Suppose 11285 = 7*b - 10625. What is the hundreds digit of b?
1
Let l(p) be the first derivative of p**3/3 + 5*p**2/2 + 18*p - 3. What is the units digit of l(-14)?
4
Let z be (3/((-6)/(-2)))/(4/20). Let r(j) = -j**2 - j + 1. Let n(w) = -w**2 - 12*w + 7. Let i(l) = n(l) - 3*r(l). What is the units digit of i(z)?
9
Let a(y) = 187*y - 408. What is the hundreds digit of a(16)?
5
Let x = 564 + 1066. What is the tens digit of x?
3
Let v = 14 + -13. Let s = 6 - v. Suppose 3*m + 3*j - 9 = -m, -4*m - 1 = s*j. What is the units digit of m?
6
Suppose -2*k + x + 14 = 0, 3*k + 12 = 3*x + 33. Suppose c + 2 + k = 0. Let w(f) = -f**3 - 9*f**2 - 4*f + 9. What is the tens digit of w(c)?
4
What is the units digit of ((-5448)/(-5))/((-26)/(-65))?
4
Let v = -201 + 201. Let s = 900 + -604. Suppose -3*y - 138 = -2*o, 4*y - s = -v*o - 4*o. What is the units digit of o?
2
Let v(b) = 19*b - 27. Let y(k) = -19*k + 27. Let s(r) = -5*v(r) - 4*y(r). What is the hundreds digit of s(-4)?
1
Let g = 21 + -16. Suppose 3*q + 4*f - 9 = 170, 0 = -q - g*f + 45. What is the units digit of q?
5
Let r = -10 - -19. Let y(k) = -k**3 + 0 + 11*k + 8*k**2 + 34 - 25. What is the units digit of y(r)?
7
Suppose 35922 + 4170 = 39*b. What is the thousands digit of b?
1
Let d be (28/(-10))/((-4)/800). Suppose 4*p = -0*p + d. What is the tens digit of p?
4
Let p be (-1 - -3)/(1 + 14/(-18)). Suppose -p*w = -13*w + 400. What is the hundreds digit of w?
1
Let c be (-2 - -2)/(3 - 1). Let n be (c/4)/(-3) + 5. Suppose 25 = n*w - 35. What is the units digit of w?
2
Let a(b) = 2*b**2 - 3*b - 11. What is the tens digit of a(11)?
9
Let x = -15 + 21. Suppose -5*q - x = -26. What is the units digit of q?
4
Let